**2 + 380*g - 1870. Calculate t(5).
5
Let y(d) = 1524*d + 35047. Give y(-23).
-5
Let i(s) = s**3 - 63*s**2 + 168*s + 735. Determine i(60).
15
Let c(y) = -y**3 - 22*y**2 + 455*y + 9949. What is c(-23)?
13
Let b(w) = -7*w**3 - 174*w**2 + 25*w + 4. Give b(-25).
4
Let p(n) = 6*n**3 - 5*n**2 + 24*n - 44. What is p(4)?
356
Let m(z) = 29*z - 126. Give m(4).
-10
Let b(m) = -2*m**2 + 40*m + 81. Calculate b(24).
-111
Let w(y) = -4*y**2 + 365*y + 282. Give w(92).
6
Let r(j) = -6*j**2 - 10*j + 67. Calculate r(-8).
-237
Let h(r) = -r**3 - 6*r**2 + 52*r - 69. Determine h(3).
6
Let r(p) = -4*p**3 - 2*p**2 + 90*p - 10. Give r(-5).
-10
Let j(g) = -49*g + 1121. Calculate j(21).
92
Let m(g) = 6671*g + 46690. Calculate m(-7).
-7
Let k(a) = -a**3 + 57*a**2 + 176*a - 3405. Give k(59).
17
Let p(z) = -z**3 + 3*z**2 - 6*z - 6. Give p(-4).
130
Let f(t) = -2*t**3 - 4*t**2 - 9*t + 27. Give f(4).
-201
Let j(n) = -246*n + 29035. Give j(118).
7
Let v(j) = j**3 - 33*j**2 + 62*j - 133. What is v(31)?
-133
Let k(z) = 2*z**2 + 265*z - 1926. Give k(7).
27
Let f(u) = -2*u**3 + 106*u**2 - 99*u - 205. What is f(52)?
55
Let c(o) = -o**3 - 19*o**2 - 43*o - 14. Give c(-17).
139
Let x(w) = 3*w**3 - 626*w**2 - 9589*w + 7. What is x(223)?
7
Let m(b) = 377*b**2 - 75*b + 74. Calculate m(1).
376
Let s(y) = -44*y + 3590. What is s(81)?
26
Let j(d) = -10*d + 143. Give j(32).
-177
Let l(x) = x**3 - 7*x - 4. Calculate l(-4).
-40
Let t(l) = -l**3 + 26*l**2 - 120*l - 13. Determine t(6).
-13
Let m(j) = -247*j + 22444. Calculate m(91).
-33
Let a(p) = -2*p**3 - 23*p**2 - 58*p - 23. Determine a(-8).
-7
Let t(s) = -26*s**3 - s**2 + 2*s - 2. Calculate t(1).
-27
Let d(b) = -17*b + 34. What is d(-3)?
85
Let z(g) = g**3 + 55*g**2 + 63*g + 332. Calculate z(-54).
-154
Let q(x) = -6*x**2 - 313*x - 363. What is q(-51)?
-6
Let p(r) = 2*r**3 - 131*r**2 - 78*r + 793. What is p(66)?
1
Let u(r) = r**3 + 18*r**2 - 66*r - 20. What is u(-21)?
43
Let p(d) = -4*d**3 + 58*d**2 - 27*d - 19. Give p(14).
-5
Let q(p) = 283*p - 283. What is q(1)?
0
Let b(x) = -x**2 + 39*x - 68. Determine b(38).
-30
Let n(f) = -28*f - 1. Calculate n(5).
-141
Let n(i) = 3*i**3 - 92*i**2 - 27*i + 68. Calculate n(31).
192
Let q(t) = 322*t**2 - 1940*t + 18. Calculate q(6).
-30
Let l(t) = 38*t - 2018. Calculate l(54).
34
Let v(u) = -10*u**2 - 45*u + 1. Determine v(-5).
-24
Let j(p) = 115*p - 6217. Determine j(54).
-7
Let x(d) = -404*d - 6474. Calculate x(-16).
-10
Let d(z) = 2*z**3 + 80*z**2 - 84*z - 77. Give d(-41).
5
Let k(u) = u**2 - 37*u + 89. Calculate k(24).
-223
Let k(q) = -76*q - 489. Give k(-12).
423
Let y(n) = 2*n**3 - n**2 + 37*n + 46. Give y(0).
46
Let x(z) = 9*z**3 + 61*z**2 + 36*z - 30. Calculate x(-6).
6
Let u(d) = -3*d**2 + 7*d + 189. What is u(-7)?
-7
Let r(s) = 7*s**3 + 62*s**2 - 19*s + 26. Give r(-9).
116
Let x(s) = -2*s**2 - 67*s - 455. What is x(-9)?
-14
Let g(n) = 3*n**2 - 130*n + 1358. Determine g(26).
6
Let q(k) = 2*k**2 + 16*k + 219. Determine q(-13).
349
Let q(k) = 164*k - 30355. Calculate q(185).
-15
Let g(t) = -t**3 + 14*t**2 + 163*t + 15. Give g(22).
-271
Let y(l) = -5*l + 79. Calculate y(34).
-91
Let u(q) = q**2 + 2*q - 169. Calculate u(11).
-26
Let m(y) = 4*y**2 - 405*y + 896. Give m(99).
5
Let k(g) = 315*g + 611. Give k(-2).
-19
Let y(a) = -2*a**3 - 14*a**2 + 33*a - 22. Determine y(-9).
5
Let x(i) = i**3 - 23*i**2 - 40*i + 417. Calculate x(24).
33
Let m(g) = -g**3 + 27*g**2 + 10*g - 960. Calculate m(26).
-24
Let p(d) = -21*d**2 - 2*d - 28. Determine p(4).
-372
Let w(n) = n**3 + 46*n**2 + 110*n + 963. Determine w(-44).
-5
Let w(o) = 20*o**2 - 11*o + 10. Give w(1).
19
Let r(c) = 86*c + 7044. Calculate r(-82).
-8
Let p(j) = j**2 + 5*j + 12. Calculate p(-11).
78
Let n(y) = -2*y**2 + 32*y - 202. Calculate n(8).
-74
Let s(y) = 1348*y - 25613. Give s(19).
-1
Let d(n) = -4*n**2 - 12*n + 20. Determine d(-4).
4
Let f(r) = 19*r + 156. Calculate f(-9).
-15
Let g(r) = -r**3 + 68*r**2 + 965*r + 59. Give g(-12).
-1
Let f(p) = -160*p - 340. Determine f(-2).
-20
Let j(y) = 91*y + 3704. Give j(-41).
-27
Let r(n) = 2*n**3 + 46*n**2 + 77*n - 145. Give r(-21).
2
Let p(n) = -32*n**2 + 149*n + 56. Calculate p(5).
1
Let r(i) = 19*i - 12. Give r(4).
64
Let l(o) = o**2 - 4161*o + 33235. Determine l(8).
11
Let i(q) = -q**2 + 76*q - 1486. What is i(47)?
-123
Let s(m) = -2*m**3 - m**2 + 95*m - 4. Determine s(8).
-332
Let r(q) = -q**2 + 55*q + 911. Calculate r(-14).
-55
Let j(p) = p**3 - 18*p**2 + 27*p + 79. Determine j(16).
-1
Let j(d) = -d**3 + 26*d**2 + 859*d - 49. Determine j(45).
131
Let b(q) = q**3 + 32*q**2 - 53*q - 1668. Give b(-32).
28
Let a(r) = r**2 - 4107*r - 28790. Give a(-7).
8
Let l(o) = -35*o**2 + 369*o - 730. Give l(2).
-132
Let z(r) = -60*r**3 - 2*r**2 + 2*r - 1. What is z(1)?
-61
Let a(v) = -2*v**2 + 47*v - 206. Calculate a(18).
-8
Let f(j) = -2469*j - 71607. Determine f(-29).
-6
Let q(s) = -2*s**3 + 153*s**2 + 82*s - 380. What is q(77)?
5
Let l(t) = 260*t + 3149. Calculate l(-12).
29
Let x(r) = r**3 - 5*r**2 - 5*r + 35. Determine x(5).
10
Let g(o) = -o**3 - 9*o**2 - 4*o - 23. Give g(-5).
-103
Let r(k) = -8*k - 82. Calculate r(-13).
22
Let t(p) = 43*p + 345. Give t(-8).
1
Let m(b) = -136*b + 2471. What is m(22)?
-521
Let d(b) = 492*b**2 - 988*b + 17. What is d(2)?
9
Let w(k) = -k**2 + 66*k + 8743. Give w(132).
31
Let v(t) = 2*t**2 - 74*t + 325. Determine v(5).
5
Let z(h) = 68*h**2 - 18*h + 35. What is z(2)?
271
Let f(q) = 2*q**2 - 33*q + 130. Give f(7).
-3
Let x(q) = q**3 + 15*q**2 + 3*q + 3. Determine x(-14).
157
Let t(s) = -139*s + 849. Calculate t(7).
-124
Let i(b) = -b**2 - 137*b - 3391. Calculate i(-33).
41
Let t(n) = n**3 + 8*n**2 + 162*n + 588. Calculate t(-4).
4
Let r(u) = -42*u + 5. Give r(0).
5
Let i(s) = -882*s - 5303. Determine i(-6).
-11
Let g(m) = -71*m + 1739. What is g(21)?
248
Let j(w) = -86*w - 720. Give j(-6).
-204
Let o(y) = y**3 - 15*y**2 + 36*y - 327. Determine o(14).
-19
Let k(o) = -o**3 - 15*o**2 - 23*o + 240. What is k(-7)?
9
Let n(p) = -27*p**2 - 207*p + 7. Calculate n(-7).
133
Let r(h) = h**3 + 17*h**2 - h - 401. What is r(-17)?
-384
Let b(f) = -23*f**2 + 5*f + 5. Give b(-2).
-97
Let o(c) = -22*c + 267. What is o(26)?
-305
Let o(y) = -11*y**2 + 251*y + 157. What is o(23)?
111
Let y(k) = -35*k**2 - 27*k + 75. Determine y(3).
-321
Let g(y) = 47*y - 714. What is g(15)?
-9
Let j(w) = 10812*w - 21609. Determine j(2).
15
Let a(d) = 5*d**2 + 314*d + 2121. Give a(-55).
-24
Let i(f) = f**3 - 6*f**2 + 20*f - 43. Calculate i(5).
32
Let g(d) = 58*d - 6029. Calculate g(104).
3
Let n(m) = -m**3 + 39*m**2 - 33*m - 96. Determine n(38).
94
Let v(q) = -427*q + 2494. Give v(6).
-68
Let f(l) = -87*l - 531. What is f(-6)?
-9
Let q(y) = 2*y**2 - 21*y - 358. Give q(22).
148
Let t(h) = 13*h**2 - 420*h + 112. Calculate t(32).
-16
Let k(p) = -p**2 + 107*p + 329. Give k(-3).
-1
Let l(d) = 218*d**2 - 74*d - 3. What is l(0)?
-3
Let n(s) = -6*s + 1223. Determine n(204).
-1
Let i(f) = -f**2 - 107*f - 2619. What is i(-60)?
201
Let b(q) = -q**2 + 5*q - 1. Give b(5).
-1
Let w(g) = 57*g + 2968. Calculate w(-52).
4
Let y(t) = 5*t**2 - 6*t + 83. Determine y(0).
83
Let c(h) = -28*h**2 + 648*h - 80. Calculate c(23).
12
Let s(f) = f**3 - 2*f**2 + 45*f - 127. Determine s(3).
17
Let u(f) = -f**2 - 350*f - 12419. Calculate u(-40).
-19
Let h(l) = 6*l**3 + 9*l**2 + 19*l + 11. What is h(-1)?
-5
Let c(p) = 50*p**2 - 35*p - 64. Calculate c(-2).
206
Let f(t) = 24*t + 722. Calculate f(-30).
2
Let x(y) = -y**3 + 9*y**2 - 30*y - 6. Determine x(5).
-56
Let q(z) = 18*z**2 - 89*z - 13. Give q(3).
-118
Let n(i) = i**2 + 19*i + 67. Determine n(-5).
-3
Let m(l) = -l**3 + 9*l**2 - 31*l + 121. Give m(7).
2
Let d(x) = -42*x**2 - 138*x - 88. Calculate d(-1).
8
Let i(p) = 37*p - 1145. Give i(24).
-257
Let u(i) = i**3 + 24*i**2 + 20*i - 63. Calculate u(-23).
6
Let k(i) = i**3 + 10*i**2 - 107*i - 1031. Give k(-10).
39
Let o(y) = -y**3 - y**2 + 49*y - 2. What is o(5)?
93
Let v(u) = -u**2 + 314*u - 14244. Calculate v(259).
1
Let p(m) = m**3 - 8*m**2 - 12*m + 9. What is p(10)?
89
Let k(v) = -852*v + 3535. Calculate k(4).
127
Let g(m) = -m**2 + 267*m - 58. Give g(0).
-58
Let g(i) = -247*i - 37. What is g(1)?
-284
Let a(f) = -f**2 + 885*f - 11339. Calculate a(13).
-3
Let j(x) = 870*x - 7828. What is j(9)?
2
Let u(l) = 2*l**2 + 13*l - 62. What is u(-18)?
352
Let w(